d thousands digit of 337783?
3
What is the units digit of 4372992?
2
What is the hundred thousands digit of 11430575?
4
What is the tens digit of 682873?
7
What is the hundred thousands digit of 2044817?
0
What is the hundreds digit of 390242?
2
What is the units digit of 1426437?
7
What is the hundreds digit of 1612499?
4
What is the millions digit of 1848615?
1
What is the units digit of 7194988?
8
What is the hundred thousands digit of 692782?
6
What is the millions digit of 2106611?
2
What is the thousands digit of 3709046?
9
What is the units digit of 1456170?
0
What is the tens digit of 494780?
8
What is the units digit of 315636?
6
What is the units digit of 11553849?
9
What is the thousands digit of 267110?
7
What is the hundreds digit of 549374?
3
What is the tens digit of 10712?
1
What is the hundreds digit of 546270?
2
What is the units digit of 285557?
7
What is the hundreds digit of 8241525?
5
What is the thousands digit of 41047?
1
What is the units digit of 5936575?
5
What is the ten thousands digit of 134920?
3
What is the hundred thousands digit of 10666279?
6
What is the ten thousands digit of 5247033?
4
What is the hundreds digit of 10040346?
3
What is the tens digit of 1473641?
4
What is the units digit of 231545?
5
What is the tens digit of 174927?
2
What is the units digit of 1275483?
3
What is the thousands digit of 4914566?
4
What is the units digit of 1508070?
0
What is the ten thousands digit of 754740?
5
What is the tens digit of 7536564?
6
What is the ten thousands digit of 26208335?
0
What is the hundreds digit of 415047?
0
What is the units digit of 9163877?
7
What is the units digit of 212864?
4
What is the ten thousands digit of 120407?
2
What is the hundreds digit of 11940543?
5
What is the thousands digit of 1263264?
3
What is the tens digit of 130605?
0
What is the ten thousands digit of 55806?
5
What is the units digit of 3076551?
1
What is the units digit of 507863?
3
What is the units digit of 246833?
3
What is the thousands digit of 3145734?
5
What is the hundreds digit of 8562260?
2
What is the thousands digit of 2014133?
4
What is the ten thousands digit of 296695?
9
What is the hundreds digit of 3699327?
3
What is the tens digit of 11199061?
6
What is the units digit of 784635?
5
What is the tens digit of 73632?
3
What is the thousands digit of 5363259?
3
What is the units digit of 198827?
7
What is the hundred thousands digit of 6768618?
7
What is the ten thousands digit of 539919?
3
What is the tens digit of 44268?
6
What is the hundred thousands digit of 690626?
6
What is the thousands digit of 358962?
8
What is the ten thousands digit of 528844?
2
What is the ten thousands digit of 39141?
3
What is the hundreds digit of 9272284?
2
What is the ten thousands digit of 9735800?
3
What is the ten thousands digit of 113684?
1
What is the ten thousands digit of 110928?
1
What is the ten thousands digit of 79260?
7
What is the tens digit of 8262410?
1
What is the thousands digit of 5895659?
5
What is the tens digit of 3165325?
2
What is the hundreds digit of 81908?
9
What is the tens digit of 100138?
3
What is the thousands digit of 7659?
7
What is the units digit of 1542526?
6
What is the thousands digit of 85729?
5
What is the ten millions digit of 20850203?
2
What is the thousands digit of 109555?
9
What is the hundreds digit of 142164?
1
What is the units digit of 38002105?
5
What is the ten thousands digit of 308320?
0
What is the hundreds digit of 974358?
3
What is the tens digit of 11388304?
0
What is the hundred thousands digit of 6318612?
3
What is the thousands digit of 309709?
9
What is the millions digit of 44826743?
4
What is the tens digit of 1563869?
6
What is the hundred thousands digit of 319145?
3
What is the tens digit of 2615212?
1
What is the hundreds digit of 680862?
8
What is the thousands digit of 2482965?
2
What is the ten thousands digit of 4832185?
3
What is the thousands digit of 125898?
5
What is the tens digit of 2258638?
3
What is the tens digit of 647323?
2
What is the tens digit of 127833?
3
What is the hundred thousands digit of 229246?
2
What is the ten thousands digit of 4577622?
7
What is the thousands digit of 3036818?
6
What is the tens digit of 56261?
6
What is the ten thousands digit of 171226?
7
What is the millions digit of 4256974?
4
What is the units digit of 622214?
4
What is the thousands digit of 8649170?
9
What is the tens digit of 3551737?
3
What is the units digit of 1579110?
0
What is the millions digit of 3302565?
3
What is the hundreds digit of 774860?
8
What is the units digit of 241729?
9
What is the thousands digit of 11248?
1
What is the tens digit of 1996931?
3
What is the ten thousands digit of 251634?
5
What is the thousands digit of 1158567?
8
What is the ten thousands digit of 6285732?
8
What is the hundred thousands digit of 392183?
3
What is the units digit of 1436510?
0
What is the hundreds digit of 5931255?
2
What is the ten millions digit of 10034237?
1
What is the hundreds digit of 7469156?
1
What is the hundreds digit of 787237?
2
What is the thousands digit of 18856005?
6
What is the thousands digit of 53549?
3
What is the tens digit of 895323?
2
What is the hundreds digit of 748967?
9
What is the hundreds digit of 46316?
3
What is the units digit of 225083?
3
What is the tens digit of 18200?
0
What is the tens digit of 4215404?
0
What is the hundred thousands digit of 1293028?
2
What is the ten millions digit of 18670036?
1
What is the ten thousands digit of 589871?
8
What is the ten thousands digit of 16698797?
9
What is the tens digit of 207141?
4
What is the tens digit of 185884?
8
What is the units digit of 879471?
1
What is the tens digit of 332085?
8
What is the hundred thousands digit of 7190629?
1
What is the units digit of 1872820?
0
What is the units digit of 468688?
8
What is the tens digit of 424543?
4
What is the ten thousands digit of 154158?
5
What is the units digit of 217633?
3
What is the hundreds digit of 23361871?
8
What is the thousands digit of 2969607?
9
What is the units digit of 1054381?
1
What is the hundreds digit of 66271?
2
What is the hundred thousands digit of 502975?
5
What is the hundred thousands digit of 8732983?
7
What is the units digit of 15148034?
4
What is the hundreds digit of 863117?
1
What is the ten thousands digit of 17259348?
5
What is the ten thousands digit of 787612?
8
What is the thousands digit of 257969?
7
What is the thousands digit of 29485778?
5
What is the tens digit of 833750?
5
What is the units digit of 17299?
9
What is the hundred thousands digit of 4543088?
5
What is the thousands digit of 5301172?
1
What is the tens digit of 657950?
5
What is the hundred thousands digit of 4076973?
0
What is the hundred thousands digit of 7752607?
7
What is the hundreds digit of 233329?
3
What is the tens digit of 3171239?
3
What is the ten thousands digit of 4440065?
4
What is the hundreds digit of 442451?
4
What is the thousands digit of 15554162?
4
What is the hundred thousands digit of 181150?
1
What is the units digit of 3977986?
6
What is the hundreds digit of 1126471?
4
What is the millions digit of 2096153?
2
What is the units digit of 2616276?
6
What is the thousands digit of 2209217?
9
What is the tens digit of 9418839?
3
What is the units digit of 920738?
8
What is the millions digit of 9233928?
9
What is the ten thousands digit of 156444?
5
What is the tens digit of 1205068?
6
What is the thousands digit of 752625?
2
What is the tens digit of 847507?
0
What is the thousands digit of 47512?
7
What is the ten millions digit of 12361206?
1
What is the hundreds digit of 4253604?
6
What is the ten thousands digit of 4054659?
5
What is the ten thousands digit of 19396293?
9
What is the tens digit of 9259376?
7
What is the millions digit of 3477644?
3
What is the ten thousands digit of 4356656?
5
What is the tens digit of 6667380?
8
What is the units digit of 2343888?
8
What is the tens digit of 384906?
0
What is the units digit of 516827?
7
What is the ten thousands digit of 666832?
6
What is the hundred thousands digit of 8127706?
1
What is the ten thousands digit of 107068?
0
What is the units digit of 5330872?
2
What is the ten millions digit of 14645841?
1
What is the ten thou